rime factors of (-6)/12 + (-9681)/(-14).
691
What are the prime factors of 2/(-22) + 2832/176?
2
What are the prime factors of 8/2 + 3125/(-10)*-2?
17, 37
Let k(w) = w**2 + 9*w + 11. Let q be k(-5). Let f = -15 - q. What are the prime factors of f/9 - 402/(-9)?
2, 11
Let a = 35 + -33. Suppose -3*d - 4*x + a*x = -48, -2*d + 3*x + 45 = 0. What are the prime factors of d?
2, 3
Let w(k) be the second derivative of k**5/20 - 11*k**4/12 + k**3/2 + 3*k**2 + 14*k. List the prime factors of w(11).
3, 13
Let q = 4941 - 3130. What are the prime factors of q?
1811
Suppose -5*z + 4094 = 4*s, 5111 = 5*s - 32*z + 35*z. List the prime factors of s.
1021
Suppose r + 3*r - 322 = -5*c, 0 = -2*c - r + 130. Let z = c + -32. Let q = z - 4. List the prime factors of q.
2, 3, 5
Let z be (-4)/14 - (-120)/28. List the prime factors of 4/(z/45) + -2.
43
Let r = 95 - 43. Let v be (-2)/8 + 13/r. Suppose v*w = w - 48. What are the prime factors of w?
2, 3
Suppose -t + 49 = -5. Suppose t = 3*o - 0*o. Let m = 27 + o. List the prime factors of m.
3, 5
Let k be (2 - 8)/(14/(-385)). Suppose 4*n = -37 + k. Let f = n + -17. List the prime factors of f.
3, 5
Let a be (-2)/(-6)*0 - (-1 + 9). What are the prime factors of (a*19/10)/(4/(-10))?
2, 19
Suppose 0 = -18*w + 17*w - 9. What are the prime factors of 4/(-6) - 42/w?
2
Let d = 690 + -385. Suppose 115 = t + 2*a, 2*t = 3*a - 47 + d. List the prime factors of t.
3, 41
Suppose -2*r + 53 = 3*s - 1785, -4*r = 2*s - 1212. List the prime factors of s.
2, 7, 11
Suppose -w + 391 = -103. What are the prime factors of w?
2, 13, 19
Let y be (-3*(-1)/(-4))/((-2)/8). Suppose 2*o - y*o + 3*u + 22 = 0, 3*o + 2*u = 99. What are the prime factors of o?
31
Let p be 0 + (8 + 256)/(-8). Suppose 2*q + 3*q = -295. Let u = p - q. What are the prime factors of u?
2, 13
Suppose 4*l = 371 - 35. Suppose -b - b - 4*g + 28 = 0, 0 = 5*b - 4*g - l. Suppose -i + b - 2 = -w, 0 = 2*i - 5*w - 37. List the prime factors of i.
11
Let n(i) = i**2 - 3*i + 1. Let v be n(5). Suppose -9*c = -v*c + 26. List the prime factors of c.
13
Suppose 11*v = 10*v - 491. Let z = v - -341. What are the prime factors of z/20*(0 - 2)?
3, 5
Let n(z) = -52*z. Let o be n(-1). Suppose -u + o = 20. What are the prime factors of u?
2
Let g = 4 + -1. Suppose 3*q + 210 = 3*u, 2*q + g*q = 2*u - 149. Suppose 6*p + 25 = u. What are the prime factors of p?
7
Let l = 58 - 23. Suppose -30*v - 695 = -l*v. List the prime factors of v.
139
List the prime factors of -5 + (-6 - (-12 - -4))*134.
263
Let j = 19 + -21. Let v = j + 67. List the prime factors of v.
5, 13
Let j(a) = -a**2 - 5*a + 1. Suppose -5 = -v + 2*v. Let k be j(v). List the prime factors of k/((7 - 3)/132).
3, 11
Let h(m) = -63*m**2 + 59*m**2 + 2 - 5*m**3 - 7*m**3 - 2*m + m**3. List the prime factors of h(-2).
2, 3, 13
Let i = -585 + 848. Suppose w + i = 4*j - 4*w, -j = 3*w - 87. What are the prime factors of j?
2, 3
Suppose -3*u - 3*t + 30 = 0, 20 - 4 = 2*u - 2*t. Let l = -59 + u. List the prime factors of -3 - (-2 - l/(-2)).
2, 3
Let y(m) = 4*m**3 + 2*m**2. Let o be y(2). Suppose v = r - o, -5*r + 3*v + 198 = -10. What are the prime factors of r?
2, 11
Let r be 1*18*4/24*4. Let m(b) = b**3 - 13*b**2 + 21*b - 16. List the prime factors of m(r).
2, 23
Let g(w) = 11*w - 1. Let o be g(3). Suppose 2*y = 5*b + 25 + 21, 36 = y + 4*b. What are the prime factors of o/y*14/4?
2
Let y(h) be the second derivative of -h**4/12 + h**3/6 - 2*h**2 - h. Let u be y(0). What are the prime factors of (-18)/(1 + u/2)?
2, 3
Let g = 309 - 7. What are the prime factors of g?
2, 151
Let s(f) = f**3 - 5*f**2 + 3. Let r = -59 - -65. What are the prime factors of s(r)?
3, 13
Suppose 3*k + 31 = 2*t, -23 = t - 3*t - 5*k. Suppose b + 2 - 15 = 0. Let l = t + b. What are the prime factors of l?
3
Suppose -3*m = -5*d + 1422, -1630 = -5*d + 2*m - 212. List the prime factors of d.
2, 3, 47
List the prime factors of 50502/42 + (-28)/(-49).
3, 401
Suppose -3*n - 2*n + c + 863 = 0, 702 = 4*n + 5*c. What are the prime factors of n?
173
Let x be (-1 - 1) + (21 - 0). Let v(q) = -5*q - 28. Let m be v(-7). Suppose 20*b - m = x*b. What are the prime factors of b?
7
Let y be (3 + 2/(-3))*-6. Let x(z) = z**3 + 14*z**2 - 3*z - 17. What are the prime factors of x(y)?
5
Let c be 82/5*(5 + 10). Suppose 3*i = -u + c, 5*u - 276 - 967 = -2*i. What are the prime factors of u?
3, 83
Let f(t) be the second derivative of t**4/6 + 2*t**3 + 6*t**2 - 42*t. List the prime factors of f(-8).
2, 11
List the prime factors of (-3)/2 + 0 - (-189687)/106.
2, 3, 149
Suppose 2*f + 5*n = 14, 2*f + 7 - 21 = 3*n. Suppose 43 = 3*i + j, 2*j - f = 1. List the prime factors of i.
13
Suppose 3*n - 967 = 533. What are the prime factors of n?
2, 5
Let t(h) = -h**2 + 19*h + 37. Let r be t(16). Let n = r - -170. List the prime factors of n.
3, 5, 17
Let t be ((-8)/2)/(64/(-48)). Suppose -c + 3 = 0, r - 2*c - t*c = 109. What are the prime factors of r?
2, 31
Let b = -17 + 19. Suppose -h = -b*j + 6 - 33, -4*h + 5*j + 105 = 0. What are the prime factors of h?
5
Let i = 79 + -77. Suppose i*k - 132 = -2*k. List the prime factors of k.
3, 11
Let b = -7 + 4. Let x be 61/(-1)*b/3. Let q = -42 + x. What are the prime factors of q?
19
Let i(x) be the first derivative of -x**5/20 - x**3/2 - x**2 - 7*x + 7. Let h(n) be the first derivative of i(n). List the prime factors of h(-3).
2, 17
Let z = -1097 + 2132. Let i be -5*(3 - 2)*-3. What are the prime factors of ((-1)/(-3))/(i/z)?
23
Let x be 4/18 + (-33)/54*2. Let u(n) = 95*n**2 - 2*n. What are the prime factors of u(x)?
97
Let v(u) = -u - 2. Let s be v(-4). Suppose s*r + 70 = -2*x, -3*x = r - 4*r + 129. Let q = -19 - x. What are the prime factors of q?
2, 5
What are the prime factors of (-17044)/(-7) - (-45)/315?
5, 487
Let r = -67 + 186. What are the prime factors of r?
7, 17
Suppose 6*o = o + 30. Let j be o*((-1240)/(-6))/4. Suppose 0*p - j = -5*v + p, -300 = -5*v - p. List the prime factors of v.
61
Suppose 2100 = 4*y + 4*m, -7 = 3*m - 1. What are the prime factors of y?
17, 31
Let q(o) = 6*o**2 + o**3 - o - 5*o + 0*o**3 + 9 - 10*o. What are the prime factors of q(-7)?
2, 3
Suppose 0 = -2*o + 3*o + 5*m + 239, 911 = -4*o - 5*m. Let q = o - -412. What are the prime factors of q?
2, 47
Let x(w) = -w - 5. Let i be x(-2). What are the prime factors of ((-172)/5)/(i - (-70)/25)?
2, 43
Let h(n) be the first derivative of -1/3*n**3 - 7*n - 4*n**2 + 5. List the prime factors of h(-5).
2
Let p(c) = 5*c**2 - 23*c + 4. Let d(w) = -16*w**2 + 68*w - 12. Let l(g) = 2*d(g) + 7*p(g). List the prime factors of l(10).
2, 3
Let p = 3047 + -1502. List the prime factors of p.
3, 5, 103
Suppose -3*o = 4*c - 5*c - 9, -2 = -4*o - 2*c. Let x be (-38)/(-8) - o/(-8). Suppose x*i = 3*i + 70. What are the prime factors of i?
5, 7
Let l(p) = 6*p + 9*p + 3 - 1. Let x = 703 + -702. What are the prime factors of l(x)?
17
Suppose 5*f = 2*b - 187, 0 = -66*b + 67*b - 4*f - 86. List the prime factors of b.
2, 53
Let h(n) = 2*n**3 + 3*n**2 - 4*n + 4. Let x(q) = -q**3 + 2*q**2 + 3*q + 3. Let a be x(3). List the prime factors of h(a).
73
Let p be (-6 + 1)*(3 - 4). Suppose p = -6*g + 7*g. Suppose 0 = 5*f - 23 + 3, 0 = -g*h - f + 119. What are the prime factors of h?
23
Let a(i) = -4*i**2 - i. Let n = -27 + 26. Let z be a(n). List the prime factors of -4 + (11 - (z + 3)).
7
Let l(p) = 170*p - 1. Let r be l(1). Let q be r/2 + 21/(-14). Suppose 170 = 5*h - 2*f, -2*h + f = -q + 15. What are the prime factors of h?
2, 17
Let z(i) = -i**2 + 5*i - 4. Let b be z(5). Let m be (-27)/(-6) + 2/b. Suppose m*l + 9 = 73. What are the prime factors of l?
2
What are the prime factors of 14052/27 + (-24)/54?
2, 5, 13
Let j(d) = d + 2. Let h be j(-3). Let s be ((-3)/(-6))/((-1)/20). List the prime factors of s/h + -2 - -2.
2, 5
What are the prime factors of (-52)/(-78) - (-106)/3?
2, 3
Suppose 11240 = 5*w + 2*z, 11*w + 6765 = 14*w - 3*z. What are the prime factors of w?
2, 3, 5
Let n = 6 - 3. Suppose 0 = -h - n, -3*b - h + 61 = -b. List the prime factors of b.
2
Let i = -317 - -178. Suppose -5*o = -s - 69, -2*s - 495 = 3*s + 5*o. Let p = s - i. What are the prime factors of p?
3, 5
Let d be (8/(-12))/((-2)/24). Suppose -6*j = -2*j - d. Suppose y - 47 - j = 0. List the prime factors of y.
7
Let w = 356 + 284. Suppose -15*v + 7*v + w